{"id":835,"date":"2020-09-24T14:13:38","date_gmt":"2020-09-24T12:13:38","guid":{"rendered":"http:\/\/www.skoogle.nu\/oppethus\/?page_id=835"},"modified":"2020-10-01T15:45:58","modified_gmt":"2020-10-01T13:45:58","slug":"rorelsehindrad","status":"publish","type":"page","link":"https:\/\/www.skoogle.nu\/oppethus\/rorelsehindrad\/","title":{"rendered":"R\u00f6relsehindrad"},"content":{"rendered":"[vc_row full_width=&#8221;stretch_row_content_no_spaces&#8221; content_placement=&#8221;top&#8221; remove_bottom_col_margin=&#8221;true&#8221; css=&#8221;.vc_custom_1599489959895{background-color: #ffffff !important;background-position: center !important;background-repeat: no-repeat !important;background-size: cover !important;}&#8221; wpex_bg_position=&#8221;center center&#8221;][vc_column width=&#8221;1\/2&#8243;][vc_single_image image=&#8221;739&#8243; el_class=&#8221;rg-top-img&#8221;][\/vc_column][vc_column width=&#8221;1\/2&#8243;][\/vc_column][\/vc_row][vc_row full_width=&#8221;stretch_row_content&#8221; content_placement=&#8221;top&#8221; remove_bottom_col_margin=&#8221;true&#8221; css=&#8221;.vc_custom_1599491026198{background-color: #ffffff !important;background-position: center !important;background-repeat: no-repeat !important;background-size: cover !important;}&#8221; wpex_bg_position=&#8221;center center&#8221;][vc_column][vc_single_image image=&#8221;595&#8243; alignment=&#8221;center&#8221; el_class=&#8221;rg-img&#8221; css=&#8221;.vc_custom_1600948402610{padding-top: 20px !important;padding-bottom: 40px !important;}&#8221;][\/vc_column][\/vc_row][vc_row full_width=&#8221;stretch_row_content&#8221; css=&#8221;.vc_custom_1600948366953{background-color: #ffffff !important;}&#8221;][vc_column][vc_single_image image=&#8221;840&#8243; alignment=&#8221;center&#8221;][\/vc_column][\/vc_row][vc_row full_width=&#8221;stretch_row&#8221; css=&#8221;.vc_custom_1600948766633{padding-bottom: 40px !important;background-color: #ffffff !important;}&#8221;][vc_column][vc_column_text width=&#8221;800&#8243; css=&#8221;.vc_custom_1600948672336{padding-top: 40px !important;}&#8221; align=&#8221;center&#8221;]\n<h1>R\u00f6relsehindrad och ska s\u00f6ka till gymnasiet?<\/h1>\n<p><span style=\"font-size: 24px;\"><strong>Hos oss p\u00e5 Riksgymnasiet G\u00f6teborg skr\u00e4ddarsyr vi din utbildning hos oss eller p\u00e5 andra skolor.<\/strong><\/span><\/p>\n<p>Om du har ett omfattande r\u00f6relsehinder, vill l\u00e4sa p\u00e5 kommunal gymnasieskola och \u00e4r i behov av assistans och habilitering skall du kontakta oss p\u00e5 Riksgymnasiet G\u00f6teborg. Vi har 30 \u00e5rs erfarenhet i att skr\u00e4ddarsy gymnasieutbildningen f\u00f6r elever som \u00e4r i behov av assistans och habiliteringsinsatser.<\/p>\n<p>Med v\u00e5ra insatser kan du l\u00e4sa hela eller delar av olika gymnasieprogram p\u00e5 kommunala gymnasieskolor i G\u00f6teborg och du f\u00e5r tillg\u00e5ng till v\u00e5r elevassistans, habilitering och specialpedagog. Du f\u00e5r en specialanpassad utbildning med tillg\u00e5ng till elevassistans under skoldagen och habiliteringsinsatser inlagt p\u00e5 skolschemat.<\/p>\n<p>Om det finns vissa kurser som du beh\u00f6ver extra st\u00f6d i har du ocks\u00e5 m\u00f6jlighet att l\u00e4sa dessa kurser i mindre grupper p\u00e5 Riksgymnasiet och kombinera detta med studier p\u00e5 annan gymnasieskola. F\u00f6r dig som inte \u00e4r klar med grundskolan erbjuder vi \u00e4ven introduktionsprogram.<\/p>\n<p>Om du bor l\u00e5ngt fr\u00e5n skolan erbjuds du \u00e4ven plats p\u00e5 v\u00e5rt elevhem som \u00e4r bemannat med assistenter dygnet runt.[\/vc_column_text][\/vc_column][\/vc_row][vc_row full_width=&#8221;stretch_row&#8221; css=&#8221;.vc_custom_1600948750175{padding-top: 40px !important;padding-bottom: 40px !important;background-color: #f6fbfd !important;}&#8221;][vc_column][vc_column_text width=&#8221;800&#8243; css=&#8221;.vc_custom_1601559929964{padding-top: 40px !important;}&#8221; align=&#8221;center&#8221;]<span style=\"font-size: 21px;\"><strong>Ans\u00f6kan sker via Specialpedagogiska skolmyndighetens hemsida:<\/strong><\/span><br \/>\n<a href=\"https:\/\/www.spsm.se\/skolalternativ\/efter-specialskolan\/for-elev-med-rorelsehinder\/sa-har-ansoker-du-till-riksgymnasium-med-rh-anpassad-utbildning\/\" target=\"_blank\" rel=\"noopener noreferrer\">https:\/\/www.spsm.se\/skolalternativ\/efter-specialskolan\/for-elev-med-rorelsehinder\/sa-har-ansoker-du-till-riksgymnasium-med-rh-anpassad-utbildning\/<\/a><\/p>\n<p>Kolla in oss p\u00e5 v\u00e5rt digitala \u00f6ppet hus p\u00e5: <a href=\"https:\/\/www.skoogle.nu\/oppethus\/riksgymnasiet\/\" target=\"_blank\" rel=\"noopener noreferrer\">https:\/\/www.skoogle.nu\/oppethus\/riksgymnasiet\/<\/a> eller l\u00e4s mer p\u00e5 v\u00e5r hemsida: <a href=\"http:\/\/www.riksgymnasietgbg.se\/\" target=\"_blank\" rel=\"noopener noreferrer\">www.riksgymnasietgbg.se<\/a><\/p>\n<p>F\u00f6r att se vad vi kan erbjuda just dig, kontakta oss g\u00e4rna via rektor Riksgymnasiet G\u00f6teborg via e-post: <a href=\"mailto:Calina.folme@educ.goteborg.se\">Calina.folme@educ.goteborg.se<\/a> eller p\u00e5 telefon: 0702-15 31 90.[\/vc_column_text][\/vc_column][\/vc_row]\n","protected":false},"excerpt":{"rendered":"<p>[vc_row full_width=&#8221;stretch_row_content_no_spaces&#8221; content_placement=&#8221;top&#8221; remove_bottom_col_margin=&#8221;true&#8221; css=&#8221;.vc_custom_1599489959895{background-color: #ffffff !important;background-position: center !important;background-repeat: no-repeat !important;background-size: cover !important;}&#8221; wpex_bg_position=&#8221;center center&#8221;][vc_column width=&#8221;1\/2&#8243;][vc_single_image image=&#8221;739&#8243; el_class=&#8221;rg-top-img&#8221;][\/vc_column][vc_column width=&#8221;1\/2&#8243;][\/vc_column][\/vc_row][vc_row full_width=&#8221;stretch_row_content&#8221; content_placement=&#8221;top&#8221; remove_bottom_col_margin=&#8221;true&#8221; css=&#8221;.vc_custom_1599491026198{background-color: #ffffff !important;background-position: center !important;background-repeat: no-repeat !important;background-size: cover !important;}&#8221; wpex_bg_position=&#8221;center center&#8221;][vc_column][vc_single_image image=&#8221;595&#8243; alignment=&#8221;center&#8221; el_class=&#8221;rg-img&#8221; css=&#8221;.vc_custom_1600948402610{padding-top: 20px !important;padding-bottom: 40px !important;}&#8221;][\/vc_column][\/vc_row][vc_row full_width=&#8221;stretch_row_content&#8221; css=&#8221;.vc_custom_1600948366953{background-color: #ffffff !important;}&#8221;][vc_column][vc_single_image image=&#8221;840&#8243; alignment=&#8221;center&#8221;][\/vc_column][\/vc_row][vc_row full_width=&#8221;stretch_row&#8221; css=&#8221;.vc_custom_1600948766633{padding-bottom: 40px !important;background-color: #ffffff !important;}&#8221;][vc_column][vc_column_text width=&#8221;800&#8243; css=&#8221;.vc_custom_1600948672336{padding-top:&hellip;<\/p>\n","protected":false},"author":8,"featured_media":0,"parent":0,"menu_order":0,"comment_status":"closed","ping_status":"closed","template":"","meta":{"footnotes":""},"class_list":["post-835","page","type-page","status-publish","hentry","entry","no-media"],"_links":{"self":[{"href":"https:\/\/www.skoogle.nu\/oppethus\/wp-json\/wp\/v2\/pages\/835","targetHints":{"allow":["GET"]}}],"collection":[{"href":"https:\/\/www.skoogle.nu\/oppethus\/wp-json\/wp\/v2\/pages"}],"about":[{"href":"https:\/\/www.skoogle.nu\/oppethus\/wp-json\/wp\/v2\/types\/page"}],"author":[{"embeddable":true,"href":"https:\/\/www.skoogle.nu\/oppethus\/wp-json\/wp\/v2\/users\/8"}],"replies":[{"embeddable":true,"href":"https:\/\/www.skoogle.nu\/oppethus\/wp-json\/wp\/v2\/comments?post=835"}],"version-history":[{"count":5,"href":"https:\/\/www.skoogle.nu\/oppethus\/wp-json\/wp\/v2\/pages\/835\/revisions"}],"predecessor-version":[{"id":988,"href":"https:\/\/www.skoogle.nu\/oppethus\/wp-json\/wp\/v2\/pages\/835\/revisions\/988"}],"wp:attachment":[{"href":"https:\/\/www.skoogle.nu\/oppethus\/wp-json\/wp\/v2\/media?parent=835"}],"curies":[{"name":"wp","href":"https:\/\/api.w.org\/{rel}","templated":true}]}}